 3472?
7
What is the units digit of 7298?
8
What is the thousands digit of 128718?
8
What is the thousands digit of 60373?
0
What is the tens digit of 1045?
4
What is the units digit of 1589?
9
What is the tens digit of 6486?
8
What is the thousands digit of 2103?
2
What is the ten thousands digit of 39670?
3
What is the hundreds digit of 1138?
1
What is the tens digit of 16998?
9
What is the thousands digit of 12188?
2
What is the units digit of 22925?
5
What is the tens digit of 11049?
4
What is the thousands digit of 53084?
3
What is the hundreds digit of 3085?
0
What is the thousands digit of 6907?
6
What is the tens digit of 76757?
5
What is the hundreds digit of 1986?
9
What is the units digit of 1087?
7
What is the tens digit of 12240?
4
What is the tens digit of 159?
5
What is the tens digit of 14699?
9
What is the units digit of 8820?
0
What is the hundreds digit of 762?
7
What is the tens digit of 279?
7
What is the tens digit of 6889?
8
What is the hundreds digit of 103981?
9
What is the tens digit of 135797?
9
What is the hundreds digit of 62057?
0
What is the hundreds digit of 37484?
4
What is the tens digit of 888?
8
What is the hundreds digit of 153?
1
What is the units digit of 4726?
6
What is the thousands digit of 9534?
9
What is the tens digit of 624?
2
What is the units digit of 1291?
1
What is the units digit of 75223?
3
What is the hundreds digit of 1038?
0
What is the units digit of 6656?
6
What is the hundreds digit of 377?
3
What is the thousands digit of 5353?
5
What is the units digit of 8737?
7
What is the hundreds digit of 1519?
5
What is the hundreds digit of 16101?
1
What is the hundreds digit of 879?
8
What is the hundreds digit of 1954?
9
What is the tens digit of 6826?
2
What is the tens digit of 9010?
1
What is the units digit of 1443?
3
What is the ten thousands digit of 75994?
7
What is the units digit of 8153?
3
What is the units digit of 6434?
4
What is the tens digit of 10152?
5
What is the thousands digit of 7940?
7
What is the hundreds digit of 746?
7
What is the hundreds digit of 10458?
4
What is the tens digit of 211?
1
What is the units digit of 3027?
7
What is the thousands digit of 36333?
6
What is the tens digit of 883?
8
What is the thousands digit of 5396?
5
What is the units digit of 10394?
4
What is the tens digit of 19628?
2
What is the tens digit of 460?
6
What is the thousands digit of 2832?
2
What is the tens digit of 948?
4
What is the tens digit of 11786?
8
What is the thousands digit of 32816?
2
What is the ten thousands digit of 103129?
0
What is the thousands digit of 1461?
1
What is the units digit of 488?
8
What is the thousands digit of 45759?
5
What is the units digit of 3967?
7
What is the tens digit of 5978?
7
What is the ten thousands digit of 10524?
1
What is the hundreds digit of 27300?
3
What is the units digit of 7680?
0
What is the thousands digit of 9631?
9
What is the hundreds digit of 73425?
4
What is the hundreds digit of 1335?
3
What is the hundreds digit of 769?
7
What is the units digit of 4975?
5
What is the units digit of 295?
5
What is the tens digit of 135?
3
What is the ten thousands digit of 21162?
2
What is the hundreds digit of 2986?
9
What is the thousands digit of 9447?
9
What is the units digit of 46864?
4
What is the hundreds digit of 863?
8
What is the tens digit of 311?
1
What is the tens digit of 350?
5
What is the tens digit of 529?
2
What is the tens digit of 74697?
9
What is the units digit of 6584?
4
What is the thousands digit of 9361?
9
What is the tens digit of 3013?
1
What is the thousands digit of 7306?
7
What is the tens digit of 3906?
0
What is the tens digit of 1266?
6
What is the ten thousands digit of 75602?
7
What is the thousands digit of 4375?
4
What is the tens digit of 3626?
2
What is the hundreds digit of 26683?
6
What is the hundreds digit of 170?
1
What is the units digit of 673?
3
What is the units digit of 131?
1
What is the thousands digit of 169191?
9
What is the hundreds digit of 956?
9
What is the ten thousands digit of 23858?
2
What is the tens digit of 5762?
6
What is the tens digit of 3493?
9
What is the units digit of 51398?
8
What is the hundreds digit of 1696?
6
What is the units digit of 928?
8
What is the units digit of 5076?
6
What is the tens digit of 1034?
3
What is the hundreds digit of 149?
1
What is the thousands digit of 12302?
2
What is the tens digit of 488?
8
What is the ten thousands digit of 51133?
5
What is the units digit of 104?
4
What is the tens digit of 1003?
0
What is the thousands digit of 1068?
1
What is the thousands digit of 13277?
3
What is the units digit of 18536?
6
What is the hundreds digit of 3027?
0
What is the tens digit of 47640?
4
What is the hundreds digit of 276?
2
What is the units digit of 9289?
9
What is the hundreds digit of 500?
5
What is the units digit of 921?
1
What is the units digit of 313?
3
What is the tens digit of 1993?
9
What is the tens digit of 3463?
6
What is the hundreds digit of 1250?
2
What is the units digit of 1075?
5
What is the ten thousands digit of 13939?
1
What is the thousands digit of 1562?
1
What is the units digit of 14627?
7
What is the units digit of 53?
3
What is the ten thousands digit of 28114?
2
What is the units digit of 1872?
2
What is the hundreds digit of 140?
1
What is the units digit of 1177?
7
What is the units digit of 3567?
7
What is the units digit of 13692?
2
What is the thousands digit of 2306?
2
What is the ten thousands digit of 10209?
1
What is the tens digit of 2477?
7
What is the units digit of 10310?
0
What is the tens digit of 1671?
7
What is the tens digit of 80582?
8
What is the hundreds digit of 1890?
8
What is the hundreds digit of 979?
9
What is the thousands digit of 12805?
2
What is the thousands digit of 10050?
0
What is the units digit of 21538?
8
What is the units digit of 1762?
2
What is the tens digit of 25036?
3
What is the thousands digit of 1850?
1
What is the tens digit of 2914?
1
What is the thousands digit of 1286?
1
What is the units digit of 771?
1
What is the ten thousands digit of 86120?
8
What is the tens digit of 74994?
9
What is the thousands digit of 16412?
6
What is the thousands digit of 40508?
0
What is the thousands digit of 13809?
3
What is the hundreds digit of 77383?
3
What is the tens digit of 5243?
4
What is the hundreds digit of 9717?
7
What is the tens digit of 409?
0
What is the thousands digit of 88360?
8
What is the thousands digit of 21703?
1
What is the tens digit of 7384?
8
What is the hundreds digit of 1276?
2
What is the hundreds digit of 5991?
9
What is the thousands digit of 10311?
0
What is the units digit of 26335?
5
What is the hundreds digit of 1063?
0
What is the hundreds digit of 2286?
2
What is the units digit of 1774?
4
What is the tens digit of 32869?
6
What is the tens digit of 4014?
1
What is the tens digit of 1337?
3
What is the units digit of 59050?
0
What is the units digit of 6687?
7
What is the thousands digit of 1417?
1
What is the hundred thousands digit of 150468?
1
What is the hundreds digit of 2353?
3
What is the units digit of 158393?
3
What is the tens digit of 14498?
9
What is the thousands digit of 34688?
4
What is the tens digit of 25?
2
What is the thousands digit of 8279?
8
What is the ten thousands digit of 131681?
3
What is the units digit of 871?
1
What is the ten thousands digit of 32352?
3
What is the units digit of 792?
2
What is the units digit of 10844?
4
What is the tens digit of 1633?
3
What is the thousands digit of 1289?
1
What is the thousands digit of 2196?
2
What is the units digit of 29768?
8
What is the units digit of 124512?
2
What is the ten thousands digit of 16336?
1
What is the tens digit of 148292?
9
What is the units digit of 40380?
0
What is the units digit of 127?
7
What is the hundreds digit of 837?
8
What is the tens digit of 21245?
4
What is the thousands digit of 16051?
6
What is the units digit of 45082?
2
What is the hundreds digit of 2146?
1
What is the hundreds digit of 1542?
5
What is the hundreds digit of 21381?
3
What is the tens digit of 3168?
6
What is the ten thousands digit of 67224?
6
What is the units digit of 70161?
1
What is the hundreds digit of 5839?
8
What is the units digit of 535?
5
What is the un